{"id":360,"date":"2024-07-07T16:19:13","date_gmt":"2024-07-07T14:19:13","guid":{"rendered":"https:\/\/lucacsorgeo.com\/?page_id=360"},"modified":"2024-12-26T16:39:36","modified_gmt":"2024-12-26T15:39:36","slug":"360-2","status":"publish","type":"page","link":"https:\/\/lucacsorgeo.com\/","title":{"rendered":""},"content":{"rendered":"\n<figure class=\"wp-block-image alignfull size-large\"><img fetchpriority=\"high\" decoding=\"async\" width=\"1024\" height=\"473\" src=\"https:\/\/lucacsorgeo.com\/wp-content\/uploads\/2024\/01\/Screenshot_20240119_144817_com.google.android.apps_.docs_edit_6134185451146-1-1024x473.jpg\" alt=\"\" class=\"wp-image-153\" srcset=\"https:\/\/lucacsorgeo.com\/wp-content\/uploads\/2024\/01\/Screenshot_20240119_144817_com.google.android.apps_.docs_edit_6134185451146-1-1024x473.jpg 1024w, https:\/\/lucacsorgeo.com\/wp-content\/uploads\/2024\/01\/Screenshot_20240119_144817_com.google.android.apps_.docs_edit_6134185451146-1-300x139.jpg 300w, https:\/\/lucacsorgeo.com\/wp-content\/uploads\/2024\/01\/Screenshot_20240119_144817_com.google.android.apps_.docs_edit_6134185451146-1-768x355.jpg 768w, https:\/\/lucacsorgeo.com\/wp-content\/uploads\/2024\/01\/Screenshot_20240119_144817_com.google.android.apps_.docs_edit_6134185451146-1.jpg 1078w\" sizes=\"(max-width: 1024px) 100vw, 1024px\" \/><\/figure>\n\n\n\n<div style=\"height:65px\" aria-hidden=\"true\" class=\"wp-block-spacer\"><\/div>\n\n\n\n<h2 class=\"wp-block-heading has-text-align-center\"><strong>Cs\u00f6rge\u0151 Luca &#8211; \u00c9nekm\u0171v\u00e9sz<\/strong><\/h2>\n\n\n\n<figure class=\"wp-block-pullquote\"><blockquote><p>\u201eA m\u0171v\u00e9sz nem hazudhat, mert m\u0171veiben az igazs\u00e1got t\u00e1rja fel a saj\u00e1t lelk\u00e9b\u0151l.\u201d<\/p><\/blockquote><\/figure>\n\n\n\n<div style=\"height:55px\" aria-hidden=\"true\" class=\"wp-block-spacer\"><\/div>\n\n\n\n<figure class=\"wp-block-embed is-type-video is-provider-youtube wp-block-embed-youtube wp-embed-aspect-16-9 wp-has-aspect-ratio\"><div class=\"wp-block-embed__wrapper\">\n<iframe title=\"Che fiero momento - Cs\u00f6rge\u0151 Luca\" width=\"1200\" height=\"675\" src=\"https:\/\/www.youtube.com\/embed\/k2GQxLPyLVo?feature=oembed\" frameborder=\"0\" allow=\"accelerometer; autoplay; clipboard-write; encrypted-media; gyroscope; picture-in-picture; web-share\" referrerpolicy=\"strict-origin-when-cross-origin\" allowfullscreen><\/iframe>\n<\/div><\/figure>\n\n\n\n<div style=\"height:133px\" aria-hidden=\"true\" class=\"wp-block-spacer\"><\/div>\n\n\n\n<div class=\"wp-block-group alignwide\"><div class=\"wp-block-group__inner-container is-layout-constrained wp-block-group-is-layout-constrained\">\n<div class=\"wp-block-buttons alignwide is-content-justification-center is-layout-flex wp-container-core-buttons-is-layout-14c487f4 wp-block-buttons-is-layout-flex\">\n<div class=\"wp-block-button\"><a class=\"wp-block-button__link has-text-align-center wp-element-button\" href=\"https:\/\/lucacsorgeo.com\/?page_id=29\">Koncertek<\/a><\/div>\n<\/div>\n\n\n\n<div style=\"height:171px\" aria-hidden=\"true\" class=\"wp-block-spacer\"><\/div>\n<\/div><\/div>\n\n\n\n                <div class=\"ml-embedded\" data-form=\"nhT3ut\"><\/div>\n            \n","protected":false},"excerpt":{"rendered":"<p>Cs\u00f6rge\u0151 Luca &#8211; \u00c9nekm\u0171v\u00e9sz \u201eA m\u0171v\u00e9sz nem hazudhat, mert m\u0171veiben az igazs\u00e1got t\u00e1rja fel a saj\u00e1t lelk\u00e9b\u0151l.\u201d<\/p>\n","protected":false},"author":1,"featured_media":0,"parent":0,"menu_order":0,"comment_status":"closed","ping_status":"closed","template":"","meta":{"footnotes":""},"class_list":["post-360","page","type-page","status-publish"],"_links":{"self":[{"href":"https:\/\/lucacsorgeo.com\/index.php?rest_route=\/wp\/v2\/pages\/360","targetHints":{"allow":["GET"]}}],"collection":[{"href":"https:\/\/lucacsorgeo.com\/index.php?rest_route=\/wp\/v2\/pages"}],"about":[{"href":"https:\/\/lucacsorgeo.com\/index.php?rest_route=\/wp\/v2\/types\/page"}],"author":[{"embeddable":true,"href":"https:\/\/lucacsorgeo.com\/index.php?rest_route=\/wp\/v2\/users\/1"}],"replies":[{"embeddable":true,"href":"https:\/\/lucacsorgeo.com\/index.php?rest_route=%2Fwp%2Fv2%2Fcomments&post=360"}],"version-history":[{"count":22,"href":"https:\/\/lucacsorgeo.com\/index.php?rest_route=\/wp\/v2\/pages\/360\/revisions"}],"predecessor-version":[{"id":495,"href":"https:\/\/lucacsorgeo.com\/index.php?rest_route=\/wp\/v2\/pages\/360\/revisions\/495"}],"wp:attachment":[{"href":"https:\/\/lucacsorgeo.com\/index.php?rest_route=%2Fwp%2Fv2%2Fmedia&parent=360"}],"curies":[{"name":"wp","href":"https:\/\/api.w.org\/{rel}","templated":true}]}}